e remainder when 113222 is divided by 26841?
5858
Calculate the remainder when 170346 is divided by 312.
306
What is the remainder when 25965 is divided by 8632?
69
Calculate the remainder when 8847620 is divided by 227.
68
What is the remainder when 17546781 is divided by 22?
21
Calculate the remainder when 5164992 is divided by 1448.
1424
Calculate the remainder when 4152207 is divided by 299.
293
Calculate the remainder when 2930135 is divided by 732525.
35
What is the remainder when 1777382 is divided by 5?
2
Calculate the remainder when 1290053 is divided by 24807.
89
Calculate the remainder when 44259 is divided by 13997.
2268
What is the remainder when 6085850 is divided by 122?
2
Calculate the remainder when 5201 is divided by 2565.
71
What is the remainder when 399133 is divided by 199331?
471
Calculate the remainder when 7793161 is divided by 1558606.
131
What is the remainder when 4354856 is divided by 752?
24
Calculate the remainder when 1861580 is divided by 2762.
2754
Calculate the remainder when 1262620 is divided by 364.
268
What is the remainder when 22383109 is divided by 9?
1
Calculate the remainder when 16096 is divided by 8009.
78
What is the remainder when 2443514 is divided by 106?
2
What is the remainder when 31090100 is divided by 437888?
52
Calculate the remainder when 66216023 is divided by 33107983.
57
Calculate the remainder when 90096 is divided by 45000.
96
What is the remainder when 8103483 is divided by 57?
21
What is the remainder when 7302494 is divided by 51426?
2
Calculate the remainder when 4593612 is divided by 1148396.
28
Calculate the remainder when 73292286 is divided by 146.
140
Calculate the remainder when 2746088 is divided by 549156.
308
Calculate the remainder when 143697 is divided by 14367.
27
What is the remainder when 6312829 is divided by 549?
427
What is the remainder when 1375146 is divided by 318?
114
Calculate the remainder when 8021857 is divided by 2673948.
13
What is the remainder when 271625 is divided by 11?
2
What is the remainder when 16958879 is divided by 5652932?
83
Calculate the remainder when 1407733528 is divided by 159.
157
Calculate the remainder when 554786 is divided by 14225.
11
What is the remainder when 3704 is divided by 3665?
39
Calculate the remainder when 125750 is divided by 12574.
10
What is the remainder when 740533 is divided by 915?
298
What is the remainder when 3742571 is divided by 2086?
287
What is the remainder when 759164 is divided by 483?
371
Calculate the remainder when 40247098 is divided by 1965.
1933
Calculate the remainder when 60746942 is divided by 7.
4
Calculate the remainder when 101728 is divided by 101045.
683
What is the remainder when 5950681 is divided by 29?
26
What is the remainder when 6635480 is divided by 2680?
2480
What is the remainder when 15668 is divided by 15324?
344
Calculate the remainder when 24192251 is divided by 205.
201
Calculate the remainder when 227576 is divided by 46.
14
What is the remainder when 46436309 is divided by 9?
8
Calculate the remainder when 53310157 is divided by 19.
14
Calculate the remainder when 10112144 is divided by 327.
323
Calculate the remainder when 10423851 is divided by 325745.
11
Calculate the remainder when 8489271 is divided by 722.
717
Calculate the remainder when 38740 is divided by 3863.
110
Calculate the remainder when 1640146 is divided by 41.
23
Calculate the remainder when 1101802 is divided by 1647.
1606
What is the remainder when 10655109 is divided by 365?
29
Calculate the remainder when 4144 is divided by 1264.
352
Calculate the remainder when 18525202 is divided by 18525199.
3
Calculate the remainder when 589968 is divided by 450.
18
What is the remainder when 19876313 is divided by 77?
72
What is the remainder when 3970044 is divided by 116766?
0
What is the remainder when 4489450 is divided by 969?
73
What is the remainder when 30073 is divided by 28965?
1108
Calculate the remainder when 1923499 is divided by 2031.
142
Calculate the remainder when 1259542870 is divided by 12.
10
What is the remainder when 122644 is divided by 13617?
91
What is the remainder when 3622195 is divided by 24474?
43
Calculate the remainder when 238909873 is divided by 6125894.
7
What is the remainder when 12178674 is divided by 458?
454
What is the remainder when 224225 is divided by 5749?
14
What is the remainder when 60909 is divided by 388?
381
Calculate the remainder when 117739 is divided by 10.
9
What is the remainder when 43555510 is divided by 1144?
1142
Calculate the remainder when 9301595 is divided by 3100530.
5
What is the remainder when 2318471315 is divided by 21?
20
Calculate the remainder when 5049 is divided by 4584.
465
What is the remainder when 435862 is divided by 20745?
217
What is the remainder when 38897005 is divided by 135?
130
Calculate the remainder when 1920411 is divided by 786.
213
What is the remainder when 780306 is divided by 948?
102
What is the remainder when 11431821 is divided by 200?
21
Calculate the remainder when 7464836 is divided by 5099.
4999
Calculate the remainder when 9739939 is divided by 140.
139
Calculate the remainder when 757422 is divided by 4353.
0
What is the remainder when 23103428 is divided by 93?
89
Calculate the remainder when 428025 is divided by 212.
209
What is the remainder when 3058779 is divided by 529?
101
Calculate the remainder when 66684348 is divided by 19567.
12
Calculate the remainder when 138221 is divided by 1171.
43
What is the remainder when 9649326 is divided by 1196?
1194
What is the remainder when 10262289 is divided by 380?
9
What is the remainder when 12142285 is divided by 2545?
90
What is the remainder when 474226927 is divided by 703?
702
What is the remainder when 490215 is divided by 331?
4
Calculate the remainder when 2521628 is divided by 13.
5
Calculate the remainder when 252321 is divided by 1203.
894
Calculate the remainder when 14302 is divided by 959.
876
What is the remainder when 1725674 is divided by 13481?
106
What is the remainder when 9699001 is divided by 120?
1
Calculate the remainder when 45891219 is divided by 106.
3
Calculate the remainder when 12380210 is divided by 2924.
2918
Calculate the remainder when 6642940 is divided by 6642924.
16
What is the remainder when 7514047 is divided by 51?
13
Calculate the remainder when 126195541 is divided by 74.
11
Calculate the remainder when 208645 is divided by 51865.
1185
Calculate the remainder when 188615 is divided by 1029.
308
What is the remainder when 2275347 is divided by 3351?
18
What is the remainder when 173439 is divided by 418?
387
Calculate the remainder when 6508947 is divided by 1358.
53
Calculate the remainder when 3564555 is divided by 96339.
12
What is the remainder when 9558073 is divided by 112?
105
What is the remainder when 456724 is divided by 489?
487
Calculate the remainder when 90054 is divided by 1230.
264
Calculate the remainder when 323799 is divided by 4420.
1139
Calculate the remainder when 970197 is divided by 97.
3
What is the remainder when 467471828 is divided by 2707?
2705
What is the remainder when 235711 is divided by 78567?
10
Calculate the remainder when 29829 is divided by 7366.
365
What is the remainder when 7838985 is divided by 1310?
1255
Calculate the remainder when 5243447 is divided by 173.
163
What is the remainder when 1078825 is divided by 1078811?
14
What is the remainder when 14166250 is divided by 23?
21
What is the remainder when 4594295 is divided by 1531428?
11
Calculate the remainder when 292392 is divided by 97140.
972
What is the remainder when 155683 is divided by 155659?
24
Calculate the remainder when 46509356 is divided by 3370.
3356
What is the remainder when 2609790 is divided by 185?
180
Calculate the remainder when 42552 is divided by 13439.
2235
Calculate the remainder when 24082040 is divided by 16.
8
Calculate the remainder when 3644813 is divided by 112.
109
Calculate the remainder when 421416 is divided by 6385.
6
What is the remainder when 136696173 is divided by 68348084?
5
Calculate the remainder when 5680621 is divided by 210384.
253
What is the remainder when 582972 is divided by 2892?
1680
What is the remainder when 4157939 is divided by 2987?
35
What is the remainder whe